 12b80b (base 12) in base 9?
522802
-8702 (base 10) to base 4
-2013332
What is 2226030 (base 9) in base 3?
2020220001000
What is 244421 (base 6) in base 15?
66a7
-1251322441 (base 6) to base 13
-3120577
Convert -da48d (base 15) to base 7.
-5614066
Convert 2100200302 (base 4) to base 13.
179566
Convert -12543310 (base 8) to base 15.
-3a5985
-b6280 (base 12) to base 8
-722400
What is -1a0686 (base 15) in base 4?
-10311112131
What is -546a0a (base 14) in base 2?
-1010111010100010100010
What is 141333013 (base 5) in base 11?
459825
Convert -837114 (base 9) to base 15.
-9c517
116264 (base 9) to base 16
1123c
377462 (base 8) to base 9
218456
Convert -5908478 (base 10) to base 5.
-3003032403
7285001 (base 10) to base 16
6f2909
What is -333421234 (base 5) in base 11?
-91225a
Convert 1011010000011011011 (base 2) to base 5.
43300414
Convert -330211030 (base 4) to base 10.
-248140
727628 (base 9) to base 12
18a068
Convert -212101250 (base 6) to base 15.
-4dd4b9
Convert 66da3d (base 15) to base 16.
4adcc7
61a9e (base 16) to base 9
668657
-5838386 (base 10) to base 9
-11877675
What is 14061 (base 7) in base 4?
323220
What is 66381 (base 10) in base 4?
100031031
-52315143 (base 6) to base 15
-200009
What is -10134023200 (base 5) in base 11?
-59a0934
What is 1176024 (base 9) in base 5?
131001223
-200133200 (base 4) to base 8
-403740
What is 100000100110101011010100 (base 2) in base 14?
11c6b40
-44242512 (base 7) to base 9
-7144770
Convert -486894 (base 13) to base 8.
-6457473
-15a78 (base 12) to base 11
-21249
Convert -2230213100 (base 4) to base 12.
-2a11a8
What is 163758 (base 9) in base 3?
12010211222
Convert 147043 (base 11) to base 9.
378081
-3617339 (base 10) to base 8
-15631073
What is 87da (base 15) in base 13?
1013b
What is -460a71 (base 11) in base 13?
-1c8a38
-803003 (base 14) to base 5
-2100421302
Convert 42404 (base 5) to base 9.
3821
What is 2014426 (base 7) in base 5?
30124122
Convert 12938a3 (base 12) to base 10.
3676731
Convert -3727884 (base 9) to base 7.
-23140333
What is 2175127 (base 11) in base 8?
16430131
-11011110111000000011 (base 2) to base 16
-dee03
Convert 160334 (base 8) to base 4.
32003130
What is -6668622 (base 9) in base 10?
-3588644
1310002 (base 4) to base 12
436a
What is -2cde (base 15) in base 4?
-2112323
What is -961 (base 12) in base 7?
-3664
5777544 (base 8) to base 15
210ec3
What is -1635627 (base 8) in base 14?
-c4a59
30410e (base 15) to base 8
10574230
What is -5671b (base 13) in base 4?
-212120022
14342045 (base 8) to base 5
1313331402
What is -4170 (base 16) in base 13?
-7818
What is -39ca92 (base 15) in base 6?
-135302445
What is -1001110000001000111011 (base 2) in base 6?
-130443311
What is 570241 (base 13) in base 5?
1011304113
-401b9b (base 12) to base 13
-28c7a8
Convert -55430300 (base 6) to base 5.
-411334220
What is -266215 (base 7) in base 12?
-25064
46b0c (base 13) to base 14
35197
What is 107249 (base 12) in base 3?
111021101210
Convert -144a00 (base 11) to base 4.
-313031211
Convert -150757 (base 9) to base 2.
-10110100100111001
Convert -32393a (base 13) to base 2.
-100011111111000011010
-140516 (base 10) to base 4
-202103210
-1031246 (base 9) to base 15
-ad88c
What is -301221003001 (base 4) in base 7?
-215416213
What is -236c5b (base 13) in base 5?
-203443210
Convert -1306676 (base 9) to base 10.
-713517
What is 1212735 (base 8) in base 9?
557147
-256432 (base 12) to base 3
-1011002221202
What is 1365a (base 14) in base 7?
256443
Convert -1011011002012 (base 3) to base 12.
-2569b8
Convert 1520141 (base 7) to base 13.
73037
136183a (base 11) to base 15
314bbc
Convert 2856c4 (base 14) to base 8.
5252434
What is -34a74 (base 13) in base 14?
-27116
Convert 3c8580 (base 14) to base 4.
20000011210
Convert -10020210122010 (base 3) to base 16.
-1a5ec0
22905b (base 13) to base 8
3100545
What is e07dc0 (base 15) in base 13?
22921c8
Convert 41972 (base 15) to base 4.
302302013
Convert -313300310 (base 4) to base 7.
-1640621
Convert 51553321 (base 6) to base 13.
403420
What is 100524 (base 10) in base 14?
288c4
-1374732 (base 8) to base 11
-248279
What is -9972ce (base 15) in base 13?
-1691291
What is 3025a6 (base 15) in base 16?
22e24c
Convert -23144422 (base 6) to base 11.
-44833a
What is d52b2 (base 16) in base 10?
873138
Convert 93da8d (base 14) to base 7.
60305036
What is 1319922 (base 13) in base 4?
112312202223
-11011010011111000001100 (base 2) to base 12
-2493150
42fa8 (base 16) to base 12
112920
42f24b (base 16) to base 3
22020220101102
What is 11101111010111010100 (base 2) in base 11?
60a686
Convert -9fe3b6 (base 16) to base 13.
-222b60b
What is 341037 (base 9) in base 13?
71c02
What is -17c6d8 (base 16) in base 3?
-2221011111022
What is -4a60 (base 11) in base 10?
-6600
Convert 1199a2 (base 13) to base 16.
66da0
Convert -b9d7e (base 15) to base 13.
-1788b3
What is -180840 (base 12) in base 10?
-415920
What is 163305 (base 10) in base 5?
20211210
2302 (base 11) to base 4
233103
Convert 44100422 (base 5) to base 7.
3133506
176773 (base 9) to base 14
2c11d
Convert 80d82 (base 14) to base 16.
4bae6
Convert 111111002 (base 4) to base 2.
10101010101000010
What is -95732b (base 14) in base 8?
-23213653
1413336 (base 8) to base 7
3251320
What is 65663526 (base 7) in base 3?
101121211220210
Convert 15792 (base 14) to base 10.
53636
What is -6444a66 (base 11) in base 15?
-ede960
Convert 100100111011 (base 3) to base 13.
65a19
-4010241 (base 5) to base 15
-13ad1
187403 (base 11) to base 10
287983
Convert -303586 (base 15) to base 4.
-20232331131
Convert -6b9d5c (base 16) to base 4.
-122321311130
-660e96 (base 15) to base 5
-2221111131
What is -679195 (base 14) in base 5?
-1400132004
What is 66e66 (base 15) in base 7?
2532033
Convert -5064462 (base 7) to base 14.
-11a2d9
3666b6 (base 15) to base 4
21323221332
-23103110 (base 4) to base 14
-12c28
Convert -785e9 (base 15) to base 14.
-9d691
What is -32542525 (base 6) in base 15?
-144ac8
Convert 252406 (base 8) to base 10.
87302
21234200 (base 7) to base 6
102421502
What is -1592a (base 13) in base 14?
-10d9d
Convert 1130300131 (base 4) to base 2.
1011100110000011101
What is -133c (base 16) in base 12?
-2a24
What is -117386 (base 13) in base 16?
-6586a
190053 (base 16) to base 13
454a22
Convert -22010 (base 13) to base 7.
-344246
3000331022 (base 4) to base 12
321462
What is 110330230 (base 4) in base 14?
233ac
Convert -419819 (base 10) to base 8.
-1463753
Convert -15c21 (base 13) to base 4.
-22022001
Convert -31d2c (base 14) to base 9.
-203357
Convert -1174164 (base 8) to base 2.
-1001111100001110100
-9b9a90 (base 14) to base 7
-62651040
Convert -105795 (base 10) to base 15.
-21530
Convert -44f64 (base 16) to base 9.
-470423
3213332323 (base 4) to base 3
1210021102201
What is -10366014 (base 8) in base 2?
-1000011110110000001100
Convert -4000 (base 13) to base 12.
-5104
Convert -272830 (base 11) to base 13.
-11cc06
Convert -12467442 (base 9) to base 4.
-113113310132
What is 11001200122122 (base 3) in base 10?
2159045
Convert 14360032 (base 7) to base 15.
1bc9e4
42400034 (base 6) to base 8
4576026
Convert 144605 (base 9) to base 16.
15a7c
Convert -222001202012 (base 3) to base 9.
-861665
What is 200598 (base 13) in base 5?
142243211
Convert -22100122022012 (base 3) to base 4.
-100330103021
Convert 146431 (base 11) to base 12.
b001b
What is 37f79 (base 16) in base 15?
47dcb
Convert -3753510 (base 8) to base 16.
-fd748
What is 46710 (base 12) in base 3?
11210101210
Convert -1111112212200 (base 3) to base 9.
-1445780
Convert -110331013301 (base 4) to base 16.
-53d1f1
What is -896a (base 16) in base 4?
-20211222
14152 (base 7) to base 3
12021221
What is -664a0 (base 12) in base 10?
-135480
Convert 110220112110 (base 3) to base 13.
8b85a
Convert -214020333 (base 5) to base 16.
-e1652
Convert 1001000111100111 (base 2) to base 3.
1220020101
Convert 2022032 (base 4) to base 11.
6712
Convert -111010022122201 (base 3) to base 12.
-2403b24
16a6a7 (base 13) to base 6
20043204
What is -1110100110001010111 (base 2) in base 16?
-74c57
Convert 986796 (base 10) to base 13.
287205
-104443020 (base 6) to base 3
-10120200200110
Convert -d22c4 (base 16) to base 11.
-538868
2a856 (base 11) to base 15
cdd1
10000000001110000 (base 2) to base 14
19cd2
-40b5 (base 12) to base 9
-10602
What